. Let u(k) = -2*k**3 + k**2 + k. Let z be u(-1). What is the highest common divisor of z and w?
2
Suppose -4*z + 964 = 4*w, 3*z - 5*w = 959 - 220. Calculate the highest common factor of 891 and z.
81
Suppose 5*x = -n - 8, 5*n - 72 = -x + 4*x. Let k be 15 + 140/(-10) + 8. What is the highest common factor of n and k?
3
Let k be (4/(-6))/(((-52)/(-90))/(-13)). What is the greatest common divisor of k and 60?
15
Let s = 1 - -1. Suppose -14*d = -15*d + 6. Let r(z) = -z**3 + 8*z**2 - 9*z + 2. Let y be r(d). Calculate the greatest common divisor of s and y.
2
Let d be 33*((-3)/12 + 76/48). Calculate the greatest common factor of 4 and d.
4
Suppose 0 = -97*n + 92*n + d + 2639, 4*n = -5*d + 2117. What is the highest common divisor of n and 99?
33
Suppose -c = -0 - 3. Suppose 2*g = 73 - c. Suppose 27*v = 24*v + 15. What is the highest common factor of v and g?
5
Suppose -400 = -49*x + 44*x. Calculate the greatest common divisor of x and 64.
16
Suppose x - 250 = -i, 383*x - 380*x + 270 = i. Calculate the greatest common divisor of 68 and i.
17
Suppose 3*c - u = 4, 4*c - 2*u - 5 = -1. Let r = 15 - 12. Suppose 0 = r*h - 0*h - 6. What is the highest common divisor of h and c?
2
Suppose -4*j - v + 48 = 0, 3*j + 4*v - 35 = 3*v. Let i be 2 - (-2)/(-2) - -38. Calculate the highest common divisor of j and i.
13
Let v be (-43 - 6 - -7)*-18. Calculate the greatest common divisor of 28 and v.
28
Let w(y) = -3 + y - 6 + 16 - 9 + 2*y**2. Suppose -3*s + v - 10 = 0, 0 = -2*s + 4*s + 5*v + 18. Let a be w(s). What is the highest common factor of a and 234?
26
Let w(t) = -t**3 - t**2 - t + 2. Let g be w(0). Suppose -g*s = -0 - 4. Let n be 16 + (s - 5) + 3. Calculate the greatest common divisor of 48 and n.
16
Let t be (9/6)/(6/352). Suppose -2*x + 88 = 4*b - 0*x, -4*b = -5*x - t. Suppose w - 66 = b. Calculate the highest common divisor of w and 8.
8
Let p = 14 + 37. Let r = 91 - p. What is the greatest common divisor of r and 360?
40
Let w(p) = -p + 2. Suppose -9*o + 7*o = 0. Let s be w(o). Let b be (6/2)/(1/6). What is the greatest common divisor of s and b?
2
Let j = -51 + 55. Suppose 0 = 3*c + 15, 52 = j*o + c - 7. Calculate the highest common factor of 128 and o.
16
Let l(v) = 0*v**3 - 3 - v**3 - 2*v - v**2 + 7*v**2 + 0*v**2. Let i be l(4). Suppose 0 = 7*o + i - 105. What is the highest common divisor of o and 30?
6
Suppose 11 = -4*w + 27. Suppose -w*p - 3*m + 81 = -50, -2*p + 5*m + 85 = 0. Let s = -29 - -36. What is the greatest common divisor of p and s?
7
Let i = 83 + -79. Let c be ((-2)/i)/(12/(-168)). Calculate the highest common factor of 1 and c.
1
Suppose -3*n - 24 + 66 = 0. What is the greatest common factor of n and 350?
14
Let a be (-14)/42 - (-337)/3 - -4. What is the highest common divisor of a and 87?
29
Let b = -1148 - -1166. Calculate the highest common divisor of 576 and b.
18
Let f = 78 - 98. Let v be (1*f)/(-5) + 1. Calculate the highest common factor of 35 and v.
5
Let o(p) = -p**3 + 10*p**2 + 12*p - 6. Let f be o(11). Suppose -58 = -f*c + 122. Let m = -12 + c. What is the greatest common divisor of 6 and m?
6
Let z = -49 - -77. Let d(p) = p**2 - 13*p + 4. Let q be d(13). Calculate the greatest common factor of q and z.
4
Suppose -10 = 5*n - 5*o, 3*n - 5*o + 0*o = -12. Let t = n + 20. Suppose -3*x - t = -4*x. Calculate the highest common factor of x and 21.
21
Suppose 554*o + 192 = 566*o. What is the greatest common divisor of o and 108?
4
Suppose 4*g + 2 = 2*g - 2*l, 3 = g - 3*l. Suppose g = -4*x + 11 + 21. What is the highest common factor of x and 88?
8
Let b = -426 - -485. What is the highest common factor of b and 236?
59
Suppose 4*r + 18 = 6*r + 2*x, 4*r + 5*x - 38 = 0. What is the highest common factor of r and 119?
7
Let r = 19 + -7. Let d = r + 8. Calculate the greatest common divisor of 120 and d.
20
Let z(g) = -1 - 2*g + 3*g + 6*g - g**2. Let t be z(2). Calculate the greatest common factor of 27 and t.
9
Let s be 0*(-4)/(-8)*-1. Let m = -17 - s. Let l = -6 - m. What is the highest common factor of 22 and l?
11
Let o(c) = -c**2 - 16*c + 100. Let j be o(-20). What is the greatest common divisor of 20 and j?
20
Let l be 1 + (-3)/(-1) + 35. What is the highest common factor of 65 and l?
13
Let h = -2 + 16. Let c(j) = -7*j + 168. Let p be c(14). Calculate the greatest common factor of p and h.
14
Let u be 1/(-2)*(-7)/((-42)/(-780)). What is the highest common factor of 455 and u?
65
Suppose 0 = -o - 5*r + 16, 3*o + 2*r - 60 = -r. Suppose -196 = -3*b + 182. Let z be (60/(-9))/((-4)/b). Calculate the highest common factor of o and z.
21
Let u be -1 - -3*9/(-3). Let j be ((-208)/(-65))/((-4)/u). Suppose j*l + 450 = 11*l. What is the greatest common divisor of l and 15?
15
Suppose 0 = 62*q - 66*q + 1008. Calculate the greatest common factor of q and 28.
28
Let u be 182 - 6*1/3. Suppose -2*d + 6*v = 3*v - u, -3*d - 2*v = -296. Calculate the greatest common factor of d and 6.
6
Let l be 2/6 + (132/(-9))/(-4). Let w be l/((-20)/(-15)) + 92. What is the highest common factor of 38 and w?
19
Suppose 7 - 3 = h. Let b = -40 + 72. What is the highest common divisor of b and h?
4
Let r(p) = 3*p - 50. Let m be r(17). Let n = 2 - 2. Let c = m - n. What is the greatest common divisor of c and 4?
1
Let s = 69 + 60. Suppose 5*n = -s + 369. What is the highest common factor of 12 and n?
12
Suppose -5*k = -35*k + 600. Suppose 80 = f + 4*f. Let q = f - 11. Calculate the greatest common factor of k and q.
5
Let f = -34 + 37. Let p be f - 1/1 - (2 + -6). What is the highest common factor of p and 66?
6
Suppose 5*s = -v - 6, 0 = 3*v - 2*s + 3*s - 10. Let c be v/(-10) + (-3792)/(-30). Suppose -c = -2*n - n. What is the highest common divisor of 105 and n?
21
Let w(p) = -27*p + 10. Let c be w(-3). Calculate the greatest common factor of c and 21.
7
Let i be (9/(-6) + 1)*-24. Let m = -17 + i. Let r = 10 - m. What is the greatest common divisor of r and 3?
3
Suppose 6*q - 3*q - 201 = 4*t, -3*t + 2*q - 152 = 0. Let c = t - -108. Suppose a - 5*a = -72. Calculate the greatest common divisor of a and c.
18
Let t = -629 + 643. What is the greatest common factor of 112 and t?
14
Let f(a) = 3*a + 5. Let u be f(0). Let b = u + -3. What is the highest common factor of b and 2?
2
Let d(r) = -3*r - 17. Let w be d(-15). Let u = w - 8. What is the highest common factor of 10 and u?
10
Suppose 6*z = 14*z - 8. What is the highest common divisor of z and 1?
1
Let t be (-14)/49 - 458/14. Let a = t - -73. What is the greatest common factor of 10 and a?
10
Suppose -3*y - c = 2*y - 25, -10 = 2*c. Let d = y - 0. Let m be (488/(-56) + 7)*77/(-2). Calculate the greatest common factor of d and m.
6
Let p(f) = f**2 - 3*f + 5. Let u = 4 - 1. Let a be p(u). Calculate the highest common divisor of 25 and a.
5
Let q = 46 + -13. Suppose -5*f - 2*h - 5 = -7*h, -4*f + 3*h = 1. Let w = 13 - f. What is the greatest common divisor of w and q?
11
Let i = -12 + 20. Let w = 397 - 385. What is the highest common factor of i and w?
4
Suppose -2*k = -16 - 4. Let q(s) = -2*s**2 - 19*s + 20. Let j be q(-10). Calculate the highest common divisor of k and j.
10
Let h be (5427/6)/(90/120). Calculate the greatest common divisor of 134 and h.
134
Suppose -2*c = c - 6, 5*t - 67 = 4*c. What is the highest common divisor of t and 195?
15
Let f(j) = -j - 2. Let l be f(-4). Suppose -l*t + o = -o - 26, t + 2*o - 13 = 0. Suppose 0 = -0*n + 2*n - 78. What is the highest common factor of n and t?
13
Let o be (-6)/63 + (2/14)/((-9)/(-1770)). Let r = -374 + 570. What is the highest common divisor of o and r?
28
Let a be 2/6 + (-33)/(2178/(-51392)). Calculate the greatest common factor of 82 and a.
41
Let k = -3 - -7. Let p be (-124)/(-30) + k/(-30). Suppose -5*n - 23 = 2*q - 135, 0 = p*q - n - 268. Calculate the highest common divisor of 44 and q.
22
Let y(a) = -a**2 - 12*a - 27. Let q be y(-8). Let m be ((-21)/6)/(-1 + q/10). What is the greatest common factor of m and 175?
7
Suppose 0 = -5*g - j + 6, -12 = -4*g + 2*g + 2*j. Suppose 0 = 3*q + g*v + 3*v - 235, -4*v + 383 = 5*q. Calculate the highest common divisor of q and 50.
25
Suppose j - 3*t = 0, -3*t - 9 = -3*j + 15. Calculate the highest common factor of 1152 and j.
12
Suppose -13*i - 337 + 1221 = 0. Suppose -5*z + 298 = w, 4*z - 4*w = 3*z + i. Calculate the greates